of k**4/6 - k**3/2 + 3*k. Let m be 1/3*(-2 + 2). Suppose 3*c = -3*f - 3, -2*f = -m*f + 6. Determine j(c).
2
Suppose i = -4 + 1. Let j be 0/2 - (i - -5). Let y(k) = -4 - 2*k - k + 3 + 5*k. Give y(j).
-5
Let v(j) be the first derivative of j**3/3 + j**2/2 + 5*j - 1. Determine v(-4).
17
Let g(q) = -8*q**2 - 2*q + 1. Let d = 12 - 8. Let l = d - 3. Give g(l).
-9
Let u(n) = n**2 - n - 1. Let o(v) = 4*v**2 + 2*v - 10. Let x(f) = f**2 + 3*f + 3. Let m be x(-2). Let p(c) = m*o(c) - 5*u(c). Calculate p(5).
5
Let x(g) = -g + 7. Let v be x(4). Let c(o) = o**3 - 3*o**2 - o - 3. Give c(v).
-6
Let h = -39 + 42. Let c = -7 - -11. Let b(d) = h + c*d - d - 2. Give b(1).
4
Let h(s) = 1 - 7*s + s**2 + 9 - 5. Give h(5).
-5
Let y(q) = -2*q**2 + q + 5. Let z(w) = 3*w**2 - w + 1 - 5 - 2*w**2. Let l(f) = 3*y(f) + 4*z(f). Suppose 1 = -3*h - 5. What is l(h)?
-7
Let c(m) = 3*m + 8*m**2 + 1 - 4*m**2 - 3*m**2 - 2*m**3. Calculate c(-2).
15
Let v = -2 + 8. Let w be (-18)/(-8) + v/8. Let y(o) = w*o**2 - o**2 + o**2 + 3*o**2 - 1 - o. Give y(-1).
6
Let o be -3 + -1 + (-20)/(-4). Suppose -2*t + o = 13. Let a(v) = v - 2. Give a(t).
-8
Let w(u) = u - 6. Suppose -5*n - 2*y = -25, 2*n = n - 3*y - 8. What is w(n)?
1
Let u be 9/2*76/114. Let q(k) = k - 4. Give q(u).
-1
Suppose 2*t - 3 = 5. Let z(l) be the first derivative of -l**3 - 7*l**2/2 + 5*l + 3. Let w(r) = 5*r**2 + 10*r - 7. Let v(s) = 5*w(s) + 8*z(s). What is v(t)?
-3
Let d(w) = 12*w + 259*w**2 - w - 258*w**2 + 11. Determine d(-10).
1
Let r = -22 - -27. Let l be ((-2)/(-6))/((-3)/(-27)). Let c(h) = 2*h + 6 + h**2 + l*h - 2*h**2. Give c(r).
6
Suppose -3*j + 2*j + 15 = 5*p, 0 = 5*p - 5*j - 45. Let o(h) = -20 + 29 + 3*h - 15. Calculate o(p).
6
Let x(u) be the second derivative of u**5/20 - 2*u**4/3 + 5*u**3/3 - u**2 + 6*u. Give x(7).
19
Suppose 0 = g + 3*g - 12. Let a(w) = 0 + 1 - 2*w + 16 - 3 - 11. Determine a(g).
-3
Suppose 0 = -v + 3*f + 5, 3*v - 10 = 4*f. Suppose v*l + 3 = 13. Let k(g) = -2*g + 6. What is k(l)?
-4
Let a(f) = 3*f + 5. Let j(h) = -h + 1. Let g(d) = -5*d - 6. Let c(z) = g(z) - 6*j(z). Let m be c(8). What is a(m)?
-7
Let v(l) be the first derivative of -l**4/4 + 7*l**3/3 - 4*l**2 + 8*l - 3. Let t = 25 + -19. Give v(t).
-4
Let m(n) = -n**3 - n**2 + 1. Let l = -1 - -3. Calculate m(l).
-11
Suppose 6*a - 3*a + f - 12 = 0, 5*f - 27 = -4*a. Let b(g) = -g + 1 + 2*g**3 - 3*g**a - g**3. What is b(1)?
-2
Suppose 5*v + 3*z = -0*z - 23, -v = -z + 3. Let b(q) = q**2 + 7*q + 6. Determine b(v).
-6
Let o be 13/3 - (-3)/(-9). Suppose q + 4 + 0 = -4*p, -5*p + o*q - 5 = 0. Let g(r) = 2*r**3 + r**2 - 1. Give g(p).
-2
Let l(c) = c**3 + c + 1. Let o(b) = b**3 - b**2 + b + 1. Let x(v) = -2*l(v) + o(v). Give x(-2).
5
Let r(n) = -3*n + 3*n - n - 1. Let p(q) = 14*q**3 + q. Let u be p(1). Let v = u - 10. Give r(v).
-6
Suppose -d = 3*o - 3*d + 1, -4*o - 4*d + 12 = 0. Let a(j) = -5*j + 1. Determine a(o).
-4
Let u = 5 - 3. Let d(n) = n - n + u*n - n. Calculate d(2).
2
Let r = 18 - 11. Let s = 10 - r. Let f(w) = w**2 - 4*w. What is f(s)?
-3
Let v = 1 - -4. Let t(c) be the first derivative of -5/2*c**2 + 2*c**3 - 1 + 2*c - 1/4*c**4. Determine t(v).
2
Let h be (30/25)/((-2)/5). Let d(i) = 3*i**3 + 1 + 2*i**2 - 2*i - 5*i**3 + 3*i**3. Determine d(h).
-2
Let w be -10*(0 - (-2)/(-5)). Let n(k) = k**2 - w + 4*k**2 + 5*k - 4*k**2. Calculate n(-6).
2
Let i(o) = -5*o + 5*o + 3*o - 3 - o**2 + 6. Determine i(3).
3
Let x(r) be the third derivative of r**4/3 + r**3/6 - r**2. Let s(l) = 2*l**2 + 6*l - 9. Let q be s(-4). What is x(q)?
-7
Let f(q) = 4*q**2 - 10. Let v(s) = 9*s**2 - 21. Let t(i) = 7*f(i) - 3*v(i). Calculate t(0).
-7
Let c = -3 - -1. Let h = c + 5. Let y(j) = j - 2. Determine y(h).
1
Suppose -2 = -3*g + 4. Let z be (1 + 6)*-1 + g. Let w(v) = v + 2. Calculate w(z).
-3
Suppose -8*v + 4*v + 12 = 0. Let c(w) = 1 + 3*w**2 - 2*w + v*w**2 - 5*w**2. What is c(2)?
1
Let o(z) = z**3 + z**2 + 4. Let c be o(0). Let b be -2 - (-8)/c*-1. Let w(r) be the second derivative of -r**4/12 - r**3/2 + r. Calculate w(b).
-4
Let s(c) = 4*c**2 + c**3 + 2*c**2 - c + 3 - 7 - 3*c**2. Determine s(-3).
-1
Let m(q) = q. Let d(x) = 4*x - 43. Let h be d(12). Give m(h).
5
Suppose -r + 3*r - 24 = 0. Let x = -7 + r. Let c(v) = -v**3 + 5*v**2 - 3. Give c(x).
-3
Let q(j) = 5*j - 4. Let h(s) = s**2 - s. Let g(c) = -h(c) + q(c). Let u be (-120)/50*10/(-4). What is g(u)?
-4
Let v(r) = -6*r**2 - r + 6. Let q(g) = 7*g**2 + 2*g - 7. Let b(d) = -5*q(d) - 6*v(d). Give b(4).
-1
Let u(v) = -3*v + 6*v + 4*v - 4*v. Let a be (2 - -5) + (-6)/3. Determine u(a).
15
Suppose -5*c = 5, 4*u - 1 = 2*u - 5*c. Let a(j) = -5 - 2*j**2 - 4*j**3 + 4 + 2*j - 2*j**u. Determine a(1).
-7
Let i(b) = -b**3 - 4*b**2 - 2*b. Let r = -9 - -6. Let g be i(r). Let w(d) = 0*d - d + 0*d - 4. Give w(g).
-1
Suppose 2*q - 2*s + 28 = 6*q, -q + 17 = 3*s. Let p(f) = -f**3 + 6*f**2 - 5*f + 2. Determine p(q).
2
Let p(n) = -4*n**2 - 3 + 0 - n**3 + 5 + 3*n. Suppose -w - 8 = 4*t, 0*t = -3*w + t - 11. Determine p(w).
-10
Let d(f) = -f + 6. Let g be d(6). Let r(p) = 2*p**2 - 2*p - 4. Let i be r(-3). Let n(k) = -i + 4*k + 0*k - 3*k + 21. Give n(g).
1
Suppose 22*w - 23*w + 3 = 0. Let p(g) = -g**w + 0 - 5*g**3 - 1. Let d be ((-3)/(-6))/((-1)/2). What is p(d)?
5
Let o(q) = -12 - 6*q + 4*q + 4 + 3*q. Give o(7).
-1
Suppose -3*c - 86 = 2*a, 2*c - 3*a + 32 = -34. Let s = 14 + c. Let j = 10 + s. Let i(l) = l**3 + 6*l**2 - 3*l - 9. Calculate i(j).
9
Let i(d) be the second derivative of -d**3/3 + d**2/2 - d. Let x(a) = a**2 - 2*a - 2. Let c be x(-1). Give i(c).
-1
Let n(d) be the second derivative of d**3/6 - 5*d**2/2 + 5*d. Calculate n(0).
-5
Let s(g) = g + 11. Let r be s(-10). Let q = -3 - -6. Let c(o) = q - 11*o + 0 + 3*o - 4. Give c(r).
-9
Let o(n) = 17*n**2 - 11*n - 1. Let r(i) = 8*i**2 - 5*i. Let h(s) = -2*o(s) + 5*r(s). Give h(2).
20
Let j be (2 - 0)*(1 - -1). Let a(q) = 0*q**2 - 6*q**2 + 4 - 7*q + 4*q + j*q**2. Calculate a(-3).
-5
Let a(c) = -c**2 - 6*c + 4. Let g(k) = 2 + k + 6*k**2 + k - 1 + k**3 + 6. Let h = -8 - -2. Let w be g(h). Give a(w).
9
Suppose u = -2*k, k - 6 = 6*k + 4*u. Suppose -7 = 5*m - k, -2*n - 2*m + 2 = 0. Let c(p) = -2*p**2 + 3 + 0*p**n + 3*p**2 + 0*p**2 + p. Give c(0).
3
Let y(m) = 7*m - 9. Let o(v) = 6*v - 8. Let g(r) = 4*o(r) - 3*y(r). Calculate g(6).
13
Let z be 4/(-6) + (-128)/24. Let k = -5 - z. Let n(y) = -4*y**3 + y. Calculate n(k).
-3
Let u(y) = -4 - 161*y**2 + 5 + 158*y**2 - 3*y + y**3. Let g be (-2)/6 - (-14)/6. Calculate u(g).
-9
Let j(o) be the third derivative of o**5/60 - 5*o**4/24 - o**3/6 - o**2. Suppose -5*r - 16 = -3*t, 4*r + 29 - 6 = -t. Let b be (-4)/((-4)/r)*-1. What is j(b)?
-1
Let p(g) = g**2 + 1. Let l be p(-1). Let k(a) = 0*a + l*a**2 - a**2 - 3 + 5 + 3*a. Give k(-3).
2
Let x(n) = -3*n + 1. Let y be x(-1). Let b(l) = -1 + 3 + y*l - 4 + 0. Give b(2).
6
Let o(w) = -w**2 + 7*w + 6. Let z(d) = d**2 - 6*d - 5. Let r(c) = 2*o(c) + 3*z(c). Calculate r(4).
-3
Let k(m) = m**2 + 6*m - 1. Let b(g) = -g**2 + 14*g - 18. Let j be b(12). Let y be j/(-1 - (0 - 0)). Calculate k(y).
-1
Let t(l) be the third derivative of -l**5/60 - 11*l**4/24 - l**3/6 - 30*l**2. Determine t(-11).
-1
Let c(s) = 5*s + 3. Let g = 120 - 124. What is c(g)?
-17
Let a = 15 - 15. Let q(s) = 8 + s**2 + a*s - 3*s - 4. Determine q(3).
4
Let a(n) = -3*n**2 + 5*n**2 + 6*n - 2*n**2 - n**2 - 3. Let x be (3 + -2)/(1/2). Give a(x).
5
Let c be 4 + (-12)/15*(-5)/(-2). Let k(s) = -s**2 - 3*s + 2. What is k(c)?
-8
Suppose 5*s = -4*o + 17, 4*o + s = -4 + 1. Let p(n) = -9 - 3*n + 4 + n**2 + 2*n + 3. Determine p(o).
4
Let h = 16 + -9. Let w = h - 5. Let a(u) = -3*u + 5. Let c(l) = 14*l - 26. Let z(d) = 11*a(d) + 2*c(d). Calculate z(w).
-7
Let b(l) = -2*l**3 + 5*l**2 + 3*l**3 + l - 8*l - 8 - l. Give b(-6).
4
Let s(g) = -g + 10. Let r(y) be the first derivative of -y**4/4 - 5*y**3 - 7*y**2 + 7*y + 7. Let m be r(-14). Give s(m).
3
Let i(c) be the third derivative of c**4/24 - c**3/3 + 4*c**2. What is i(2)?
0
Let h be (-3)/15*10/(-2). Let g(l) = -l + 7 - 4 + 5 - h. Determine g(5).
2
Let h = 0 - 2. Let n(o) = -2*o**2 - 2*o - 3. What is n(h)?
-7
Let u(f) be the third derivative of f**5/60 - f**4/24 - f**3/3 + 13*f**2. Determine u(2).
0
Let n(l) be the first derivative of l**2/2 - 9. Determine n(6).
6
Let f = 2 + -7. Let y(d) = 10 + 5 - 28 + d + 11. What